[INFO] cloning repository https://github.com/rustyhorde/egc
[INFO] running `Command { std: "git" "-c" "credential.helper=" "-c" "credential.helper=/workspace/cargo-home/bin/git-credential-null" "clone" "--bare" "https://github.com/rustyhorde/egc" "/workspace/cache/git-repos/https%3A%2F%2Fgithub.com%2Frustyhorde%2Fegc", kill_on_drop: false }`
[INFO] [stderr] Cloning into bare repository '/workspace/cache/git-repos/https%3A%2F%2Fgithub.com%2Frustyhorde%2Fegc'...
[INFO] running `Command { std: "git" "rev-parse" "HEAD", kill_on_drop: false }`
[INFO] [stdout] e40fdac38e93a9c6cb6205b6c38d3efdcd61e221
[INFO] checking rustyhorde/egc against master#cfbc6d4cf1acbac5c025acf8ed68929caa551df3 for pr-75494-beta
[INFO] running `Command { std: "git" "clone" "/workspace/cache/git-repos/https%3A%2F%2Fgithub.com%2Frustyhorde%2Fegc" "/workspace/builds/worker-4/source", kill_on_drop: false }`
[INFO] [stderr] Cloning into '/workspace/builds/worker-4/source'...
[INFO] [stderr] done.
[INFO] validating manifest of git repo https://github.com/rustyhorde/egc on toolchain cfbc6d4cf1acbac5c025acf8ed68929caa551df3
[INFO] running `Command { std: "/workspace/cargo-home/bin/cargo" "+cfbc6d4cf1acbac5c025acf8ed68929caa551df3" "read-manifest" "--manifest-path" "Cargo.toml", kill_on_drop: false }`
[INFO] started tweaking git repo https://github.com/rustyhorde/egc
[INFO] removed path dependency libedgegrid from git repo https://github.com/rustyhorde/egc
[INFO] finished tweaking git repo https://github.com/rustyhorde/egc
[INFO] tweaked toml for git repo https://github.com/rustyhorde/egc written to /workspace/builds/worker-4/source/Cargo.toml
[INFO] crate git repo https://github.com/rustyhorde/egc already has a lockfile, it will not be regenerated
[INFO] running `Command { std: "/workspace/cargo-home/bin/cargo" "+cfbc6d4cf1acbac5c025acf8ed68929caa551df3" "fetch" "--locked" "--manifest-path" "Cargo.toml", kill_on_drop: false }`
[INFO] [stderr] warning: dependency (libedgegrid) specified without providing a local path, Git repository, or version to use. This will be considered an error in future versions
[INFO] [stderr]     Updating crates.io index
[INFO] [stderr] error: the lock file /workspace/builds/worker-4/source/Cargo.lock needs to be updated but --locked was passed to prevent this
[INFO] [stderr] If you want to try to generate the lock file without accessing the network, use the --offline flag.
[INFO] the lockfile is outdated, regenerating it
[INFO] running `Command { std: "/workspace/cargo-home/bin/cargo" "+cfbc6d4cf1acbac5c025acf8ed68929caa551df3" "generate-lockfile" "--manifest-path" "Cargo.toml" "-Zno-index-update", kill_on_drop: false }`
[INFO] running `Command { std: "/workspace/cargo-home/bin/cargo" "+cfbc6d4cf1acbac5c025acf8ed68929caa551df3" "fetch" "--locked" "--manifest-path" "Cargo.toml", kill_on_drop: false }`
[INFO] [stderr] warning: dependency (libedgegrid) specified without providing a local path, Git repository, or version to use. This will be considered an error in future versions
[INFO] [stderr]  Downloading crates ...
[INFO] [stderr]   Downloaded aster v0.13.1
[INFO] [stderr]   Downloaded quasi_codegen v0.7.0
[INFO] [stderr]   Downloaded serde_json v0.6.1
[INFO] [stderr]   Downloaded syntex v0.26.0
[INFO] [stderr]   Downloaded serde_codegen v0.6.14
[INFO] [stderr]   Downloaded quasi v0.7.0
[INFO] [stderr]   Downloaded quasi_macros v0.7.0
[INFO] [stderr]   Downloaded syntex_syntax v0.26.0
[INFO] [stderr]   Downloaded serde_macros v0.6.14
[INFO] [stderr]   Downloaded libedgegrid v0.1.1
[INFO] running `Command { std: "docker" "create" "-v" "/var/lib/crater-agent-workspace/builds/worker-4/target:/opt/rustwide/target:rw,Z" "-v" "/var/lib/crater-agent-workspace/builds/worker-4/source:/opt/rustwide/workdir:ro,Z" "-v" "/var/lib/crater-agent-workspace/cargo-home:/opt/rustwide/cargo-home:ro,Z" "-v" "/var/lib/crater-agent-workspace/rustup-home:/opt/rustwide/rustup-home:ro,Z" "-e" "SOURCE_DIR=/opt/rustwide/workdir" "-e" "CARGO_TARGET_DIR=/opt/rustwide/target" "-e" "CARGO_HOME=/opt/rustwide/cargo-home" "-e" "RUSTUP_HOME=/opt/rustwide/rustup-home" "-w" "/opt/rustwide/workdir" "-m" "1610612736" "--user" "0:0" "--network" "none" "rustops/crates-build-env@sha256:a636fd89d022f18117e1dc8fb37a0a009933cdbbe082814857f0e2024962d47c" "/opt/rustwide/cargo-home/bin/cargo" "+cfbc6d4cf1acbac5c025acf8ed68929caa551df3" "metadata" "--no-deps" "--format-version=1", kill_on_drop: false }`
[INFO] [stderr] WARNING: Your kernel does not support swap limit capabilities or the cgroup is not mounted. Memory limited without swap.
[INFO] [stdout] 798072589b39c3c26720f80dcedebf6b51db2155351d4bd98e83fea0d0c3e097
[INFO] running `Command { std: "docker" "start" "-a" "798072589b39c3c26720f80dcedebf6b51db2155351d4bd98e83fea0d0c3e097", kill_on_drop: false }`
[INFO] running `Command { std: "docker" "inspect" "798072589b39c3c26720f80dcedebf6b51db2155351d4bd98e83fea0d0c3e097", kill_on_drop: false }`
[INFO] running `Command { std: "docker" "rm" "-f" "798072589b39c3c26720f80dcedebf6b51db2155351d4bd98e83fea0d0c3e097", kill_on_drop: false }`
[INFO] [stdout] 798072589b39c3c26720f80dcedebf6b51db2155351d4bd98e83fea0d0c3e097
[INFO] running `Command { std: "docker" "create" "-v" "/var/lib/crater-agent-workspace/builds/worker-4/target:/opt/rustwide/target:rw,Z" "-v" "/var/lib/crater-agent-workspace/builds/worker-4/source:/opt/rustwide/workdir:ro,Z" "-v" "/var/lib/crater-agent-workspace/cargo-home:/opt/rustwide/cargo-home:ro,Z" "-v" "/var/lib/crater-agent-workspace/rustup-home:/opt/rustwide/rustup-home:ro,Z" "-e" "SOURCE_DIR=/opt/rustwide/workdir" "-e" "CARGO_TARGET_DIR=/opt/rustwide/target" "-e" "CARGO_INCREMENTAL=0" "-e" "RUST_BACKTRACE=full" "-e" "RUSTFLAGS=--cap-lints=forbid" "-e" "CARGO_HOME=/opt/rustwide/cargo-home" "-e" "RUSTUP_HOME=/opt/rustwide/rustup-home" "-w" "/opt/rustwide/workdir" "-m" "1610612736" "--user" "0:0" "--network" "none" "rustops/crates-build-env@sha256:a636fd89d022f18117e1dc8fb37a0a009933cdbbe082814857f0e2024962d47c" "/opt/rustwide/cargo-home/bin/cargo" "+cfbc6d4cf1acbac5c025acf8ed68929caa551df3" "check" "--frozen" "--all" "--all-targets" "--message-format=json", kill_on_drop: false }`
[INFO] [stdout] 9f3426359824d3c9ed9eaf8a7cd5078720a7c03de1b13d195ed4c945fd1247c3
[INFO] [stderr] WARNING: Your kernel does not support swap limit capabilities or the cgroup is not mounted. Memory limited without swap.
[INFO] running `Command { std: "docker" "start" "-a" "9f3426359824d3c9ed9eaf8a7cd5078720a7c03de1b13d195ed4c945fd1247c3", kill_on_drop: false }`
[INFO] [stderr] warning: dependency (libedgegrid) specified without providing a local path, Git repository, or version to use. This will be considered an error in future versions
[INFO] [stderr]    Compiling pkg-config v0.3.18
[INFO] [stderr]     Checking rustc-serialize v0.3.24
[INFO] [stderr]    Compiling cc v1.0.59
[INFO] [stderr]     Checking matches v0.1.8
[INFO] [stderr]     Checking tinyvec v0.3.4
[INFO] [stderr]     Checking percent-encoding v1.0.1
[INFO] [stderr]     Checking lazy_static v0.2.11
[INFO] [stderr]     Checking blastfig v0.3.3
[INFO] [stderr]     Checking strsim v0.5.2
[INFO] [stderr]     Checking glob v0.2.11
[INFO] [stderr]    Compiling time v0.1.43
[INFO] [stderr]     Checking aho-corasick v0.5.3
[INFO] [stderr]     Checking thread_local v0.2.7
[INFO] [stderr]    Compiling syntex_syntax v0.29.3
[INFO] [stderr]    Compiling syntex_syntax v0.26.0
[INFO] [stderr]     Checking rand v0.3.23
[INFO] [stderr]     Checking unicode-bidi v0.3.4
[INFO] [stderr]     Checking regex v0.1.80
[INFO] [stderr]     Checking unicode-normalization v0.1.13
[INFO] [stderr]    Compiling vergen v0.1.1
[INFO] [stderr]    Compiling openssl-sys v0.7.17
[INFO] [stderr]    Compiling curl-sys v0.1.35
[INFO] [stderr]    Compiling sodium-sys v0.0.4
[INFO] [stderr]    Compiling libmultilog v0.1.0
[INFO] [stderr]    Compiling egc v0.1.3-pre (/opt/rustwide/workdir)
[INFO] [stderr]    Compiling libz-sys v1.1.0
[INFO] [stderr]     Checking idna v0.1.5
[INFO] [stderr] error: failed to run custom build command for `sodium-sys v0.0.4`
[INFO] [stderr] 
[INFO] [stderr] Caused by:
[INFO] [stderr]   process didn't exit successfully: `/opt/rustwide/target/debug/build/sodium-sys-93df3c5cb9001bdd/build-script-build` (exit code: 101)
[INFO] [stderr]   --- stderr
[INFO] [stderr]   autoreconf: Entering directory `.'
[INFO] [stderr]   autoreconf: configure.ac: not using Gettext
[INFO] [stderr]   autoreconf: running: aclocal --force -I m4
[INFO] [stderr]   autom4te: cannot create autom4te.cache: No such file or directory
[INFO] [stderr]   aclocal: error: echo failed with exit status: 1
[INFO] [stderr]   autoreconf: aclocal failed with exit status: 1
[INFO] [stderr]   thread 'main' panicked at 'assertion failed: status.success()', /opt/rustwide/cargo-home/registry/src/github.com-1ecc6299db9ec823/sodium-sys-0.0.4/build.rs:68:23
[INFO] [stderr]   stack backtrace:
[INFO] [stderr]      0:     0x5580e77c2165 - backtrace::backtrace::libunwind::trace::h5e2646fa3eddf2ea
[INFO] [stderr]                                  at /cargo/registry/src/github.com-1ecc6299db9ec823/backtrace-0.3.46/src/backtrace/libunwind.rs:86
[INFO] [stderr]      1:     0x5580e77c2165 - backtrace::backtrace::trace_unsynchronized::hb95dd7f77ce47877
[INFO] [stderr]                                  at /cargo/registry/src/github.com-1ecc6299db9ec823/backtrace-0.3.46/src/backtrace/mod.rs:66
[INFO] [stderr]      2:     0x5580e77c2165 - std::sys_common::backtrace::_print_fmt::h5e71b67af43fd70d
[INFO] [stderr]                                  at src/libstd/sys_common/backtrace.rs:78
[INFO] [stderr]      3:     0x5580e77c2165 - <std::sys_common::backtrace::_print::DisplayBacktrace as core::fmt::Display>::fmt::hdb4a83d2b61107e5
[INFO] [stderr]                                  at src/libstd/sys_common/backtrace.rs:59
[INFO] [stderr]      4:     0x5580e77e583c - core::fmt::write::ha20e7262fa3e8a7a
[INFO] [stderr]                                  at src/libcore/fmt/mod.rs:1076
[INFO] [stderr]      5:     0x5580e77bee02 - std::io::Write::write_fmt::h1aebfe8a5a79e36d
[INFO] [stderr]                                  at src/libstd/io/mod.rs:1537
[INFO] [stderr]      6:     0x5580e77c4650 - std::sys_common::backtrace::_print::h9c07314cc66ba539
[INFO] [stderr]                                  at src/libstd/sys_common/backtrace.rs:62
[INFO] [stderr]      7:     0x5580e77c4650 - std::sys_common::backtrace::print::hd1fd65f49a2d8544
[INFO] [stderr]                                  at src/libstd/sys_common/backtrace.rs:49
[INFO] [stderr]      8:     0x5580e77c4650 - std::panicking::default_hook::{{closure}}::h222da46485ab36fc
[INFO] [stderr]                                  at src/libstd/panicking.rs:198
[INFO] [stderr]      9:     0x5580e77c439c - std::panicking::default_hook::hc5868949d129ed00
[INFO] [stderr]                                  at src/libstd/panicking.rs:217
[INFO] [stderr]     10:     0x5580e77c4c93 - std::panicking::rust_panic_with_hook::h26a6ab8b0993c0c8
[INFO] [stderr]                                  at src/libstd/panicking.rs:526
[INFO] [stderr]     11:     0x5580e77a8da9 - std::panicking::begin_panic::hbc9a72efcf04098e
[INFO] [stderr]                                  at /rustc/cfbc6d4cf1acbac5c025acf8ed68929caa551df3/src/libstd/panicking.rs:456
[INFO] [stderr]     12:     0x5580e7789b28 - build_script_build::run::h870eb9a2fc41a6de
[INFO] [stderr]                                  at /opt/rustwide/cargo-home/registry/src/github.com-1ecc6299db9ec823/sodium-sys-0.0.4/build.rs:68
[INFO] [stderr]     13:     0x5580e7788f30 - build_script_build::build_libsodium::hc1dd02ff8911fe1a
[INFO] [stderr]                                  at /opt/rustwide/cargo-home/registry/src/github.com-1ecc6299db9ec823/sodium-sys-0.0.4/build.rs:32
[INFO] [stderr]     14:     0x5580e7788ab1 - build_script_build::main::h62e35a240da6179b
[INFO] [stderr]                                  at /opt/rustwide/cargo-home/registry/src/github.com-1ecc6299db9ec823/sodium-sys-0.0.4/build.rs:10
[INFO] [stderr]     15:     0x5580e7789d5b - std::rt::lang_start::{{closure}}::h0ab29ddc33e59fef
[INFO] [stderr]                                  at /rustc/cfbc6d4cf1acbac5c025acf8ed68929caa551df3/src/libstd/rt.rs:67
[INFO] [stderr]     16:     0x5580e77c5063 - std::rt::lang_start_internal::{{closure}}::h84a998219831fa70
[INFO] [stderr]                                  at src/libstd/rt.rs:52
[INFO] [stderr]     17:     0x5580e77c5063 - std::panicking::try::do_call::he8e1d689a3e26def
[INFO] [stderr]                                  at src/libstd/panicking.rs:348
[INFO] [stderr]     18:     0x5580e77c5063 - std::panicking::try::h264b6eebc2fa7bbf
[INFO] [stderr]                                  at src/libstd/panicking.rs:325
[INFO] [stderr]     19:     0x5580e77c5063 - std::panic::catch_unwind::hbf28fafa723b2128
[INFO] [stderr]                                  at src/libstd/panic.rs:394
[INFO] [stderr]     20:     0x5580e77c5063 - std::rt::lang_start_internal::he959aa59bc3ec202
[INFO] [stderr]                                  at src/libstd/rt.rs:51
[INFO] [stderr]     21:     0x5580e7789d37 - std::rt::lang_start::h59026fa09a43b9d7
[INFO] [stderr]                                  at /rustc/cfbc6d4cf1acbac5c025acf8ed68929caa551df3/src/libstd/rt.rs:67
[INFO] [stderr]     22:     0x5580e7789c4a - main
[INFO] [stderr]     23:     0x7f6b3c73f0b3 - __libc_start_main
[INFO] [stderr]     24:     0x5580e778819e - _start
[INFO] [stderr]     25:                0x0 - <unknown>
[INFO] [stderr] warning: build failed, waiting for other jobs to finish...
[INFO] [stdout] error: to use a constant of type `codemap::Span` in a pattern, `codemap::Span` must be annotated with `#[derive(PartialEq, Eq)]`
[INFO] [stdout]    --> /opt/rustwide/cargo-home/registry/src/github.com-1ecc6299db9ec823/syntex_syntax-0.26.0/src/errors/emitter.rs:111:18
[INFO] [stdout]     |
[INFO] [stdout] 111 |             Some(COMMAND_LINE_SP) => self.emit_(FileLine(COMMAND_LINE_SP), msg, code, lvl),
[INFO] [stdout]     |                  ^^^^^^^^^^^^^^^
[INFO] [stdout] 
[INFO] [stdout] 
[INFO] [stdout] error[E0502]: cannot borrow `cx.parse_sess.span_diagnostic` as immutable because it is also borrowed as mutable
[INFO] [stdout]     --> /opt/rustwide/cargo-home/registry/src/github.com-1ecc6299db9ec823/syntex_syntax-0.29.3/src/ext/expand.rs:1325:25
[INFO] [stdout]      |
[INFO] [stdout] 1315 |         let mut expander = MacroExpander::new(&mut cx);
[INFO] [stdout]      |                                               ------- mutable borrow occurs here
[INFO] [stdout] ...
[INFO] [stdout] 1325 |         let err_count = cx.parse_sess.span_diagnostic.err_count();
[INFO] [stdout]      |                         ^^^^^^^^^^^^^^^^^^^^^^^^^^^^^ immutable borrow occurs here
[INFO] [stdout] 1326 |         let mut ret = expander.fold_crate(c);
[INFO] [stdout]      |                       -------- mutable borrow later used here
[INFO] [stdout] 
[INFO] [stdout] 
[INFO] [stdout] error: aborting due to previous error
[INFO] [stdout] 
[INFO] [stdout] 
[INFO] [stdout] For more information about this error, try `rustc --explain E0502`.
[INFO] [stdout] 
[INFO] [stdout] error: aborting due to previous error
[INFO] [stdout] 
[INFO] [stdout] 
[INFO] [stderr] error: build failed
[INFO] running `Command { std: "docker" "inspect" "9f3426359824d3c9ed9eaf8a7cd5078720a7c03de1b13d195ed4c945fd1247c3", kill_on_drop: false }`
[INFO] running `Command { std: "docker" "rm" "-f" "9f3426359824d3c9ed9eaf8a7cd5078720a7c03de1b13d195ed4c945fd1247c3", kill_on_drop: false }`
[INFO] [stdout] 9f3426359824d3c9ed9eaf8a7cd5078720a7c03de1b13d195ed4c945fd1247c3
